{"id":89,"date":"2015-04-08T10:44:47","date_gmt":"2015-04-08T10:44:47","guid":{"rendered":"http:\/\/bulla-garlonta.de\/?page_id=89"},"modified":"2022-01-25T15:51:22","modified_gmt":"2022-01-25T15:51:22","slug":"diskretion","status":"publish","type":"page","link":"https:\/\/bulla-garlonta.de\/?page_id=89","title":{"rendered":"Diskretion"},"content":{"rendered":"<h1>Diskretion<\/h1>\n<p>Ich wei\u00df um die Anliegen\u00a0meiner\u00a0Patienten und biete Ihnen ein <strong>H\u00f6chstma\u00df an Diskretion<\/strong>\u00a0\u00fcber den gesetzlichen Datenschutz hinaus.<\/p>\n<p>Jeglicher Schriftverkehr an Sie\u00a0kann auch auf\u00a0neutrale Weise umgesetzt werden. Bitte sprechen Sie mich darauf an.<\/p>\n<p>F\u00fcr Selbstzahler besteht die M\u00f6glichkeit, die Therapie ohne Angabe ihrer Personalien durchzuf\u00fchren.<\/p>\n<p><strong>Ihre Privatsph\u00e4re ist\u00a0mir wichtig.<\/strong><\/p>\n<p>&nbsp;<\/p>\n<p>&nbsp;<\/p>\n<p>&nbsp;<\/p>\n<p>&nbsp;<\/p>\n","protected":false},"excerpt":{"rendered":"<p>Diskretion Ich wei\u00df um die Anliegen\u00a0meiner\u00a0Patienten und biete Ihnen ein H\u00f6chstma\u00df an Diskretion\u00a0\u00fcber den gesetzlichen Datenschutz hinaus. Jeglicher Schriftverkehr an Sie\u00a0kann auch auf\u00a0neutrale Weise umgesetzt werden. Bitte sprechen Sie mich darauf an. F\u00fcr Selbstzahler besteht die M\u00f6glichkeit, die Therapie ohne Angabe ihrer Personalien durchzuf\u00fchren. Ihre Privatsph\u00e4re ist\u00a0mir wichtig. &nbsp; &nbsp; &nbsp; &nbsp;<\/p>\n","protected":false},"author":1,"featured_media":0,"parent":0,"menu_order":6,"comment_status":"closed","ping_status":"closed","template":"","meta":{"footnotes":""},"class_list":["post-89","page","type-page","status-publish","hentry"],"_links":{"self":[{"href":"https:\/\/bulla-garlonta.de\/index.php?rest_route=\/wp\/v2\/pages\/89","targetHints":{"allow":["GET"]}}],"collection":[{"href":"https:\/\/bulla-garlonta.de\/index.php?rest_route=\/wp\/v2\/pages"}],"about":[{"href":"https:\/\/bulla-garlonta.de\/index.php?rest_route=\/wp\/v2\/types\/page"}],"author":[{"embeddable":true,"href":"https:\/\/bulla-garlonta.de\/index.php?rest_route=\/wp\/v2\/users\/1"}],"replies":[{"embeddable":true,"href":"https:\/\/bulla-garlonta.de\/index.php?rest_route=%2Fwp%2Fv2%2Fcomments&post=89"}],"version-history":[{"count":8,"href":"https:\/\/bulla-garlonta.de\/index.php?rest_route=\/wp\/v2\/pages\/89\/revisions"}],"predecessor-version":[{"id":298,"href":"https:\/\/bulla-garlonta.de\/index.php?rest_route=\/wp\/v2\/pages\/89\/revisions\/298"}],"wp:attachment":[{"href":"https:\/\/bulla-garlonta.de\/index.php?rest_route=%2Fwp%2Fv2%2Fmedia&parent=89"}],"curies":[{"name":"wp","href":"https:\/\/api.w.org\/{rel}","templated":true}]}}