{"id":718,"date":"2022-01-25T11:54:59","date_gmt":"2022-01-25T11:54:59","guid":{"rendered":"https:\/\/bulla-garlonta.de\/?page_id=718"},"modified":"2022-03-14T08:31:38","modified_gmt":"2022-03-14T08:31:38","slug":"schema-coaching","status":"publish","type":"page","link":"https:\/\/bulla-garlonta.de\/?page_id=718","title":{"rendered":"Schema-Coaching"},"content":{"rendered":"<h4><b>F<\/b><strong>ortschrittlich <b>\u2013<\/b> effektvoll<\/strong><b> \u2013 integrativ \u2013 anhaltend\u00a0<\/b><\/h4>\n<h4><strong>Optimal geeignet f\u00fcr alle Themen, die Sie schon (sehr) lange \u00e4ndern wollten und\u00a0bisher nicht\u00a0konnten.<\/strong><\/h4>\n<p>&nbsp;<\/p>\n<p>Sie stehen beim\u00a0<strong>Coaching<\/strong>\u00a0im Mittelpunkt, ganz gleich ob im\u00a0<em>beruflichen oder privaten<\/em> Umfeld und<\/p>\n<p>egal ob es um (noch) bessere\u2026<\/p>\n<p>&#8230; Kommunikation, Auseinandersetzungen mit Kollegen, Personal-F\u00fchrung, Karriereplanung, Entscheidungsfindung, Erkennung von Potenziale und F\u00e4higkeiten, Balance zwischen Beruf und Privatleben, Stilfindung, Ver\u00e4nderungsstrategie im beruflichen oder privaten Bereich geht\u2026<\/p>\n<p>\u2026 um nur ein paar der Themen anzusprechen die bearbeitet werden k\u00f6nnen.<\/p>\n<p>Ich begleite die Ver\u00e4nderung, decke mit Ihnen neue Perspektiven und Blickwinkel auf, st\u00e4rke Ihre St\u00e4rken und begleite Sie zu Ihrem Ziel.<br \/>\nDabei habe ich keine &#8222;Patentl\u00f6sung&#8220;, sondern wir gelangen gemeinsam zu m\u00f6glichen L\u00f6sungsans\u00e4tzen.<\/p>\n<p>&nbsp;<\/p>\n<p>Das<strong> Schema-Coaching<\/strong> ist aus der nachgewiesen sehr erfolgreichen und wirkungsvollen Schematherapie entstanden und stellt eine integrative Coaching-Methode dar, die letztendlich Wissen, Haltungen und Techniken aus mehreren Therapie- und Coaching-Verfahren einsetzt. Deshalb ist sie so effektiv.<\/p>\n<p>&nbsp;<\/p>\n<p>Der Fokus der Methode ist nur hin zu Ressourcen gerichtet. Coach und Klient sind im Schema-Coaching als Arbeitspartner anzusehen. Beide Partner geben Tempo, Temperatur und Richtung des Prozesses an. Und der vertrauensvolle Arbeits- und Beziehungsrahmen macht vieles m\u00f6glich.<\/p>\n<p>&nbsp;<\/p>\n<p>&nbsp;<\/p>\n<p><strong>Also:<\/strong> Wenn Sie ein Anliegen oder wiederkehrende Verhaltensstrategien haben, diese schon (fast) Ihr ganzes (Arbeits-)Leben kennen und endlich loswerden m\u00f6chten \u2013 dann melden Sie sich einfach bei mir. Dann finden wir gemeinsam Ihre neue Lebenszufriedenheit und beugen Burn-Out vor.<\/p>\n<h2><\/h2>\n<p>&nbsp;<\/p>\n<div class=\"_3UcEm PMt77\">\n<div class=\"_2GM33\">\n<div class=\"_2fS9E\" data-testid=\"static-text-element\">\n<div class=\"_8xAV3\">\n<div class=\"_3UcEm PMt77\">\n<div class=\"_2GM33\">\n<div class=\"_2fS9E\" data-testid=\"static-text-element\">\n<div class=\"_8xAV3\">\n<p>&nbsp;<\/p>\n<\/div>\n<\/div>\n<\/div>\n<\/div>\n<\/div>\n<\/div>\n<\/div>\n<\/div>\n","protected":false},"excerpt":{"rendered":"<p>Fortschrittlich \u2013 effektvoll \u2013 integrativ \u2013 anhaltend\u00a0 Optimal geeignet f\u00fcr alle Themen, die Sie schon (sehr) lange \u00e4ndern wollten und\u00a0bisher nicht\u00a0konnten. &nbsp; Sie stehen beim\u00a0Coaching\u00a0im Mittelpunkt, ganz gleich ob im\u00a0beruflichen oder privaten Umfeld und egal ob es um (noch) bessere\u2026 &#8230; Kommunikation, Auseinandersetzungen mit Kollegen, Personal-F\u00fchrung, Karriereplanung, Entscheidungsfindung, Erkennung von Potenziale und F\u00e4higkeiten, Balance zwischen [&hellip;]<\/p>\n","protected":false},"author":1,"featured_media":0,"parent":0,"menu_order":10,"comment_status":"closed","ping_status":"closed","template":"","meta":{"footnotes":""},"class_list":["post-718","page","type-page","status-publish","hentry"],"_links":{"self":[{"href":"https:\/\/bulla-garlonta.de\/index.php?rest_route=\/wp\/v2\/pages\/718","targetHints":{"allow":["GET"]}}],"collection":[{"href":"https:\/\/bulla-garlonta.de\/index.php?rest_route=\/wp\/v2\/pages"}],"about":[{"href":"https:\/\/bulla-garlonta.de\/index.php?rest_route=\/wp\/v2\/types\/page"}],"author":[{"embeddable":true,"href":"https:\/\/bulla-garlonta.de\/index.php?rest_route=\/wp\/v2\/users\/1"}],"replies":[{"embeddable":true,"href":"https:\/\/bulla-garlonta.de\/index.php?rest_route=%2Fwp%2Fv2%2Fcomments&post=718"}],"version-history":[{"count":31,"href":"https:\/\/bulla-garlonta.de\/index.php?rest_route=\/wp\/v2\/pages\/718\/revisions"}],"predecessor-version":[{"id":841,"href":"https:\/\/bulla-garlonta.de\/index.php?rest_route=\/wp\/v2\/pages\/718\/revisions\/841"}],"wp:attachment":[{"href":"https:\/\/bulla-garlonta.de\/index.php?rest_route=%2Fwp%2Fv2%2Fmedia&parent=718"}],"curies":[{"name":"wp","href":"https:\/\/api.w.org\/{rel}","templated":true}]}}