{"id":716,"date":"2022-01-25T12:04:13","date_gmt":"2022-01-25T12:04:13","guid":{"rendered":"https:\/\/bulla-garlonta.de\/?page_id=716"},"modified":"2023-04-05T19:34:32","modified_gmt":"2023-04-05T19:34:32","slug":"gruppentherapie","status":"publish","type":"page","link":"https:\/\/bulla-garlonta.de\/?page_id=716","title":{"rendered":"Gruppentherapie"},"content":{"rendered":"<h4><a href=\"https:\/\/bulla-garlonta.de\/wp-content\/uploads\/2023\/04\/Gruppentherapie-2-scaled.jpg\"><img loading=\"lazy\" decoding=\"async\" class=\"alignnone wp-image-985\" src=\"https:\/\/bulla-garlonta.de\/wp-content\/uploads\/2023\/04\/Gruppentherapie-2-300x225.jpg\" alt=\"\" width=\"298\" height=\"223\" srcset=\"https:\/\/bulla-garlonta.de\/wp-content\/uploads\/2023\/04\/Gruppentherapie-2-300x225.jpg 300w, https:\/\/bulla-garlonta.de\/wp-content\/uploads\/2023\/04\/Gruppentherapie-2-1024x768.jpg 1024w, https:\/\/bulla-garlonta.de\/wp-content\/uploads\/2023\/04\/Gruppentherapie-2-768x576.jpg 768w, https:\/\/bulla-garlonta.de\/wp-content\/uploads\/2023\/04\/Gruppentherapie-2-1536x1152.jpg 1536w, https:\/\/bulla-garlonta.de\/wp-content\/uploads\/2023\/04\/Gruppentherapie-2-2048x1536.jpg 2048w\" sizes=\"auto, (max-width: 298px) 100vw, 298px\" \/><\/a><\/h4>\n<h4>Psychotherapeutische Gruppen<\/h4>\n<p>In meiner psychotherapeutischen Praxis werden interaktionelle\/ themenzentrierte\/ schematherapeutische Gruppentherapien durchgef\u00fchrt.<\/p>\n<p>Die Gruppen werden mit maximal 7 Patientinnen und Patienten durchgef\u00fchrt. Gerne f\u00fchre ich auch Gruppen <strong>online<\/strong> durch.<\/p>\n<p>&nbsp;<\/p>\n<h4>PsyRENA<\/h4>\n<p><span class=\"font-size-16 lh-1\">Ziel einer PsyRENA-Gruppe ist es<\/span> den REHA Erfolg nachhaltig zu stabilisieren, d.h. die erreichten Therapieziele zu festigen, damit Sie Ihre Arbeit wieder erfolgreich aufnehmen k\u00f6nnen. Manchmal ist der Sprung aus dem oftmals als sch\u00fctzend wahrgenommenen Umfeld einer station\u00e4ren psychosomatischen Rehabilitation zur\u00fcck in den eigenen Alltag f\u00fcr viele Personen nicht einfach. Deshalb <span class=\"font-size-16 lh-1\">werden bis zu 25 Sitzungen von den Kostentr\u00e4gern \u00fcbernommen (23 Gruppensitzungen und 2 Einzelsitzungen). <\/span>Melden Sie sich gerne telefonisch bei uns, noch w\u00e4hrend der station\u00e4ren Behandlung.<\/p>\n<p><span class=\"font-size-16 lh-1\">Im Regelfall findet diese Nachsorge in einem gruppentherapeutischen Setting (ca. 8 bis 10 Personen) w\u00f6chentlich statt. Aktuell sind es maximal 5 Personen die teilnehmen d\u00fcrfen.<\/span><\/p>\n<div>\n<div><span class=\"font-size-26 lh-1\">Voraussetzungen:<\/span><\/div>\n<div>\n<ul class=\"innerList defaultList\">\n<li><span class=\"font-size-16 lh-1\">Sie haben eine psychosomatische Rehabilitation durchgef\u00fchrt<\/span><\/li>\n<li><span class=\"font-size-16 lh-1\">Ihre Reha-Klinik hat Ihnen eine Empfehlung zur PsyRENA ausgestellt<\/span><\/li>\n<li><span class=\"font-size-16 lh-1\">Die PsyRENA muss sp\u00e4testens 3 Monate nach Entlassung aus der Klinik begonnen werden und die Kosten\u00fcbernahme gilt nur f\u00fcr ein Jahr nach Ende der station\u00e4ren Rehabilitationsma\u00dfnahmen<\/span><\/li>\n<\/ul>\n<div><\/div>\n<\/div>\n<\/div>\n<p><a href=\"https:\/\/bulla-garlonta.de\/wp-content\/uploads\/2023\/04\/Gruppentherapie-1-scaled.jpg\"><img loading=\"lazy\" decoding=\"async\" class=\"alignnone size-medium wp-image-983\" src=\"https:\/\/bulla-garlonta.de\/wp-content\/uploads\/2023\/04\/Gruppentherapie-1-300x169.jpg\" alt=\"\" width=\"300\" height=\"169\" srcset=\"https:\/\/bulla-garlonta.de\/wp-content\/uploads\/2023\/04\/Gruppentherapie-1-300x169.jpg 300w, https:\/\/bulla-garlonta.de\/wp-content\/uploads\/2023\/04\/Gruppentherapie-1-1024x576.jpg 1024w, https:\/\/bulla-garlonta.de\/wp-content\/uploads\/2023\/04\/Gruppentherapie-1-768x432.jpg 768w, https:\/\/bulla-garlonta.de\/wp-content\/uploads\/2023\/04\/Gruppentherapie-1-1536x864.jpg 1536w, https:\/\/bulla-garlonta.de\/wp-content\/uploads\/2023\/04\/Gruppentherapie-1-2048x1152.jpg 2048w\" sizes=\"auto, (max-width: 300px) 100vw, 300px\" \/><\/a><\/p>\n","protected":false},"excerpt":{"rendered":"<p>Psychotherapeutische Gruppen In meiner psychotherapeutischen Praxis werden interaktionelle\/ themenzentrierte\/ schematherapeutische Gruppentherapien durchgef\u00fchrt. Die Gruppen werden mit maximal 7 Patientinnen und Patienten durchgef\u00fchrt. Gerne f\u00fchre ich auch Gruppen online durch. &nbsp; PsyRENA Ziel einer PsyRENA-Gruppe ist es den REHA Erfolg nachhaltig zu stabilisieren, d.h. die erreichten Therapieziele zu festigen, damit Sie Ihre Arbeit wieder erfolgreich aufnehmen [&hellip;]<\/p>\n","protected":false},"author":1,"featured_media":0,"parent":0,"menu_order":11,"comment_status":"closed","ping_status":"closed","template":"","meta":{"footnotes":""},"class_list":["post-716","page","type-page","status-publish","hentry"],"_links":{"self":[{"href":"https:\/\/bulla-garlonta.de\/index.php?rest_route=\/wp\/v2\/pages\/716","targetHints":{"allow":["GET"]}}],"collection":[{"href":"https:\/\/bulla-garlonta.de\/index.php?rest_route=\/wp\/v2\/pages"}],"about":[{"href":"https:\/\/bulla-garlonta.de\/index.php?rest_route=\/wp\/v2\/types\/page"}],"author":[{"embeddable":true,"href":"https:\/\/bulla-garlonta.de\/index.php?rest_route=\/wp\/v2\/users\/1"}],"replies":[{"embeddable":true,"href":"https:\/\/bulla-garlonta.de\/index.php?rest_route=%2Fwp%2Fv2%2Fcomments&post=716"}],"version-history":[{"count":13,"href":"https:\/\/bulla-garlonta.de\/index.php?rest_route=\/wp\/v2\/pages\/716\/revisions"}],"predecessor-version":[{"id":1006,"href":"https:\/\/bulla-garlonta.de\/index.php?rest_route=\/wp\/v2\/pages\/716\/revisions\/1006"}],"wp:attachment":[{"href":"https:\/\/bulla-garlonta.de\/index.php?rest_route=%2Fwp%2Fv2%2Fmedia&parent=716"}],"curies":[{"name":"wp","href":"https:\/\/api.w.org\/{rel}","templated":true}]}}