{"id":194,"date":"2016-01-04T07:38:20","date_gmt":"2016-01-04T07:38:20","guid":{"rendered":"http:\/\/bulla-garlonta.de\/?page_id=194"},"modified":"2023-04-05T19:28:44","modified_gmt":"2023-04-05T19:28:44","slug":"verhaltenstherapie","status":"publish","type":"page","link":"https:\/\/bulla-garlonta.de\/?page_id=194","title":{"rendered":"Psychotherapie"},"content":{"rendered":"<h1>Verhaltenstherapie<\/h1>\n<p>Die Verhaltenstherapie ist ein Verfahren zur Behandlung von seelischem Leid, psychischen St\u00f6rungen und Lebenskrisen, dessen Wirksamkeit bei den meisten psychischen St\u00f6rungen wissenschaftlich belegt ist. Die Verhaltenstherapie ist ein der vier von der Kassen\u00e4rztlichen Vereinigung anerkanntes Richtlinienverfahren und <em>die am besten wissenschaftlich \u00fcberpr\u00fcfte Form von Psychotherapie.<\/em><\/p>\n<p>Die Verhaltenstherapie verwendet den Begriff \u201eVerhalten\u201c vielseitig. Darunter wird neben dem \u00e4u\u00dferlich beobachteten Verhalten auch die Art und Weise unseres Denkens, Empfindens und unsere biologisch-k\u00f6rperlichen Reaktionen verstanden.<\/p>\n<p>Der wichtigste Grundgedanke der Verhaltenstherapie ist, dass menschliches Verhalten das Ergebnis vielf\u00e4ltiger Lernprozesse in der Lebensgeschichte ist. Viele dieser Lernvorg\u00e4nge sind uns nicht bewusst und laufen automatisch ab. Wenn Verhalten gelernt wurde, kann es auch wieder verlernt oder zum Positiven korrigiert werden.<\/p>\n<h1><\/h1>\n<figure id=\"attachment_994\" aria-labelledby=\"figcaption_attachment_994\" class=\"wp-caption aligncenter\" style=\"width: 192px\"><a href=\"https:\/\/bulla-garlonta.de\/wp-content\/uploads\/2023\/04\/VT_GGVK.jpg\"><img loading=\"lazy\" decoding=\"async\" class=\"wp-image-994\" src=\"https:\/\/bulla-garlonta.de\/wp-content\/uploads\/2023\/04\/VT_GGVK-285x300.jpg\" alt=\"\" width=\"192\" height=\"202\" srcset=\"https:\/\/bulla-garlonta.de\/wp-content\/uploads\/2023\/04\/VT_GGVK-285x300.jpg 285w, https:\/\/bulla-garlonta.de\/wp-content\/uploads\/2023\/04\/VT_GGVK-974x1024.jpg 974w, https:\/\/bulla-garlonta.de\/wp-content\/uploads\/2023\/04\/VT_GGVK-768x808.jpg 768w, https:\/\/bulla-garlonta.de\/wp-content\/uploads\/2023\/04\/VT_GGVK.jpg 1023w\" sizes=\"auto, (max-width: 192px) 100vw, 192px\" \/><\/a><figcaption id=\"figcaption_attachment_994\" class=\"wp-caption-text\">Die 4 Ebenen f\u00fcr den <br \/>therapeutischen Prozess<\/figcaption><\/figure>\n<p>&nbsp;<\/p>\n<h1>Schematherapie<\/h1>\n<p>Schematherapie ist die 3. Welle der Verhaltenstherapie.<br \/>\nDie von Dr. Jeffrey Young, USA, entwickelte Schematherapie ist die beste Integration der drei wichtigsten bekannten psychologischen Theorien: Kognitiv-Behaviorale, Psychodynamische und Gestalt.<\/p>\n<p>Ziel ist es die wichtigsten &#8222;Lebensfallen&#8220; oder &#8222;Pers\u00f6nlichkeitstendenzen&#8220; oder &#8222;Schemata&#8220; zu erkennen und zu ver\u00e4ndern, weil sie hauptverantwortlich f\u00fcr die Schwierigkeiten im Alltag sind. Aufbauend auf diesem Verst\u00e4ndnis wird aktiv ein Weg aus der Lebensfalle gestaltet.<\/p>\n<p>Schemata sind unsere langj\u00e4hrigen (aus Kindheit- und Jugendzeit) \u00dcberzeugungen und Gef\u00fchle \u00fcber uns selbst, der Welt und andere. Wir denken, f\u00fchlen und handeln (oder handeln nicht) oft gleich, was wiederum unser Leiden verl\u00e4ngert. Schemata sind nicht bewusst und k\u00f6nnen mit diversen klinischen Interventionen langsam \u201eabgebaut\u201c werden.<\/p>\n<p>Die Vielfalt der eingesetzten Methoden und die stark emotional aktivierende Arbeit f\u00fchren zu nachhaltigen Ver\u00e4nderungsprozessen und helfen dabei, neue, positive und n\u00fctzliche Gedanken, Gef\u00fchle und Verhalten aufzubauen. Schematherapeutisch gesehen ist also das Ziel das eigene Nervensystem zu regulieren, das &#8222;innere verletzliche Kind&#8220; zu sch\u00fctzen und den &#8222;gesunden Erwachsenenmodus&#8220; aufrechtzuerhalten.<\/p>\n<p>&nbsp;<\/p>\n<figure id=\"attachment_998\" aria-labelledby=\"figcaption_attachment_998\" class=\"wp-caption aligncenter\" style=\"width: 191px\"><a href=\"https:\/\/bulla-garlonta.de\/wp-content\/uploads\/2023\/04\/ST_Kartei-scaled-e1680721298901.jpg\"><img loading=\"lazy\" decoding=\"async\" class=\"wp-image-998\" src=\"https:\/\/bulla-garlonta.de\/wp-content\/uploads\/2023\/04\/ST_Kartei-scaled-e1680721298901-249x300.jpg\" alt=\"\" width=\"191\" height=\"230\" srcset=\"https:\/\/bulla-garlonta.de\/wp-content\/uploads\/2023\/04\/ST_Kartei-scaled-e1680721298901-249x300.jpg 249w, https:\/\/bulla-garlonta.de\/wp-content\/uploads\/2023\/04\/ST_Kartei-scaled-e1680721298901-850x1024.jpg 850w, https:\/\/bulla-garlonta.de\/wp-content\/uploads\/2023\/04\/ST_Kartei-scaled-e1680721298901-768x925.jpg 768w, https:\/\/bulla-garlonta.de\/wp-content\/uploads\/2023\/04\/ST_Kartei-scaled-e1680721298901-1275x1536.jpg 1275w, https:\/\/bulla-garlonta.de\/wp-content\/uploads\/2023\/04\/ST_Kartei-scaled-e1680721298901-1700x2048.jpg 1700w, https:\/\/bulla-garlonta.de\/wp-content\/uploads\/2023\/04\/ST_Kartei-scaled-e1680721298901.jpg 1851w\" sizes=\"auto, (max-width: 191px) 100vw, 191px\" \/><\/a><figcaption id=\"figcaption_attachment_998\" class=\"wp-caption-text\">Die Moduslandkarte _ F. de Vasconcellos<\/figcaption><\/figure>\n<p>&nbsp;<\/p>\n<h1>Der gemeinsame therapeutische Weg<\/h1>\n<p>Bildlich gesprochen, k\u00f6nnte man Psychotherapie auch mit einer gemeinsamen Reise vergleichen.<\/p>\n<p>Zu Beginn wird abgesprochen, wohin die Reise gehen soll. Es wird eine Reiseroute geplant und m\u00f6gliche Ziele und Teilziele ausgew\u00e4hlt.<\/p>\n<p>Ihre Aufgabe als Patient ist es, zu laufen\u00a0und zu berichten, welche Erfahrungen Sie dabei machen. Das Lauf-Tempo soll dabei stets an Ihre Bed\u00fcrfnisse angepasst sein.<\/p>\n<p>Meine Aufgabe als Psychotherapeut ist es, Sie zu begleiten, Ihnen hilfreiche Lauf-Techniken zu vermitteln, m\u00f6gliche Routen vorzuschlagen und Sie zu ermuntern. Eines kann ich jedoch nicht: F\u00fcr Sie das Laufen\u00a0\u00fcbernehmen und Ihr Ziel erreichen \u2013 laufen\u00a0m\u00fcssen Sie selbst.<\/p>\n<p>Und vielleicht ergibt sich zwischendurch die Gelegenheit, irgendwo anzulegen, um den sch\u00f6nen Ausblick zu genie\u00dfen, so dass die Reise\u00a0zu einer Herausforderung wird, die sogar Spa\u00df macht.<\/p>\n<p>&nbsp;<\/p>\n<p style=\"text-align: center;\">\n<p>&nbsp;<\/p>\n","protected":false},"excerpt":{"rendered":"<p>Verhaltenstherapie Die Verhaltenstherapie ist ein Verfahren zur Behandlung von seelischem Leid, psychischen St\u00f6rungen und Lebenskrisen, dessen Wirksamkeit bei den meisten psychischen St\u00f6rungen wissenschaftlich belegt ist. Die Verhaltenstherapie ist ein der vier von der Kassen\u00e4rztlichen Vereinigung anerkanntes Richtlinienverfahren und die am besten wissenschaftlich \u00fcberpr\u00fcfte Form von Psychotherapie. Die Verhaltenstherapie verwendet den Begriff \u201eVerhalten\u201c vielseitig. Darunter wird [&hellip;]<\/p>\n","protected":false},"author":1,"featured_media":0,"parent":0,"menu_order":9,"comment_status":"closed","ping_status":"open","template":"","meta":{"footnotes":""},"class_list":["post-194","page","type-page","status-publish","hentry"],"_links":{"self":[{"href":"https:\/\/bulla-garlonta.de\/index.php?rest_route=\/wp\/v2\/pages\/194","targetHints":{"allow":["GET"]}}],"collection":[{"href":"https:\/\/bulla-garlonta.de\/index.php?rest_route=\/wp\/v2\/pages"}],"about":[{"href":"https:\/\/bulla-garlonta.de\/index.php?rest_route=\/wp\/v2\/types\/page"}],"author":[{"embeddable":true,"href":"https:\/\/bulla-garlonta.de\/index.php?rest_route=\/wp\/v2\/users\/1"}],"replies":[{"embeddable":true,"href":"https:\/\/bulla-garlonta.de\/index.php?rest_route=%2Fwp%2Fv2%2Fcomments&post=194"}],"version-history":[{"count":20,"href":"https:\/\/bulla-garlonta.de\/index.php?rest_route=\/wp\/v2\/pages\/194\/revisions"}],"predecessor-version":[{"id":995,"href":"https:\/\/bulla-garlonta.de\/index.php?rest_route=\/wp\/v2\/pages\/194\/revisions\/995"}],"wp:attachment":[{"href":"https:\/\/bulla-garlonta.de\/index.php?rest_route=%2Fwp%2Fv2%2Fmedia&parent=194"}],"curies":[{"name":"wp","href":"https:\/\/api.w.org\/{rel}","templated":true}]}}