{"id":11,"date":"2015-03-11T15:39:51","date_gmt":"2015-03-11T15:39:51","guid":{"rendered":"http:\/\/bulla-garlonta.de\/?page_id=11"},"modified":"2025-12-03T05:19:52","modified_gmt":"2025-12-03T05:19:52","slug":"anfahrt","status":"publish","type":"page","link":"https:\/\/bulla-garlonta.de\/?page_id=11","title":{"rendered":"Praxis"},"content":{"rendered":"<h1>So finden Sie mich<\/h1>\n<p><strong><br \/>\n<img loading=\"lazy\" decoding=\"async\" class=\"size-medium wp-image-1050 aligncenter\" src=\"https:\/\/bulla-garlonta.de\/wp-content\/uploads\/2025\/01\/IMG_9508-300x300.jpeg\" alt=\"\" width=\"300\" height=\"300\" srcset=\"https:\/\/bulla-garlonta.de\/wp-content\/uploads\/2025\/01\/IMG_9508-300x300.jpeg 300w, https:\/\/bulla-garlonta.de\/wp-content\/uploads\/2025\/01\/IMG_9508-150x150.jpeg 150w, https:\/\/bulla-garlonta.de\/wp-content\/uploads\/2025\/01\/IMG_9508.jpeg 640w\" sizes=\"auto, (max-width: 300px) 100vw, 300px\" \/><\/strong><\/p>\n<p><strong>Praxis f\u00fcr Psychotherapie<\/strong><br \/>\nDipl.-Psych. <strong>Amalia Aurelia Bulla-Garlonta<\/strong><strong><br \/>\n<\/strong><\/p>\n<p><span class=\"LrzXr\">Hein-Heckroth-Str. 15<\/span><br \/>\n35390 Gie\u00dfen<\/p>\n<p><strong>Kontakt:<br \/>\n<\/strong>Tel.: 0641\/ 97 227 552<\/p>\n<p>&nbsp;<\/p>\n<h1>Das Team<\/h1>\n<p>Frau <strong>Jutta Amend<\/strong> ist eine gro\u00dfe Unterst\u00fctzung im B\u00fcro.<br \/>\nSie \u00fcbernimmt organisatorische Aufgaben, sowie die Telefonsprechstunde immer mittwochs 14:30 bis 17:50 Uhr.<\/p>\n<p><a href=\"https:\/\/bulla-garlonta.de\/wp-content\/uploads\/2025\/12\/20251121_105954-1-scaled.jpg\"><img loading=\"lazy\" decoding=\"async\" class=\"alignnone size-medium wp-image-1132\" src=\"https:\/\/bulla-garlonta.de\/wp-content\/uploads\/2025\/12\/20251121_105954-1-225x300.jpg\" alt=\"\" width=\"225\" height=\"300\" srcset=\"https:\/\/bulla-garlonta.de\/wp-content\/uploads\/2025\/12\/20251121_105954-1-225x300.jpg 225w, https:\/\/bulla-garlonta.de\/wp-content\/uploads\/2025\/12\/20251121_105954-1-768x1024.jpg 768w, https:\/\/bulla-garlonta.de\/wp-content\/uploads\/2025\/12\/20251121_105954-1-1152x1536.jpg 1152w, https:\/\/bulla-garlonta.de\/wp-content\/uploads\/2025\/12\/20251121_105954-1-1536x2048.jpg 1536w, https:\/\/bulla-garlonta.de\/wp-content\/uploads\/2025\/12\/20251121_105954-1-scaled.jpg 1920w\" sizes=\"auto, (max-width: 225px) 100vw, 225px\" \/><\/a><\/p>\n<h1><\/h1>\n<h1>Praxisgemeinschaft<\/h1>\n<p>Meine Praxis in Gie\u00dfen ist Bestandteil einer Praxisgemeinschaft mit Dr. Dipl. Psych. Eli Morad, M.Sc. Psych. Linda Tasci \u2013 (alle Kassen und Privat). Meine KollegInnen sind ebenfalls Psychologische PsychotherapeutInnen.<\/p>\n<p>&nbsp;<\/p>\n<h1>Lehrpraxis<\/h1>\n<p>Gerne biete ich TherapeutInnen kurz vor der Abschlusspr\u00fcfung (max. 2 Jahre lang) die M\u00f6glichkeit ambulante praktische Erfahrung zu sammeln.<br \/>\n<strong>Hinweis: Derzeit besteht diese M\u00f6glichkeit \u2013 bitte bewerben Sie sich.<\/strong><\/p>\n<p>&nbsp;<\/p>\n<h1>Praktikum<\/h1>\n<p>Aktuell absolviert<strong> Luisa Heidlas<\/strong> ein psychologisches Praktikum. Dabei erh\u00e4lt sie Einblicke in die ambulante psychotherapeutische Arbeit mit Erwachsenen und unterst\u00fctzt bei organisatorischen Aufgaben im Praxisalltag.<\/p>\n<h1><a href=\"https:\/\/bulla-garlonta.de\/wp-content\/uploads\/2025\/09\/Luisa-Heidlas_Fotograph.jpg\"><img loading=\"lazy\" decoding=\"async\" class=\"alignnone size-medium wp-image-1100\" src=\"https:\/\/bulla-garlonta.de\/wp-content\/uploads\/2025\/09\/Luisa-Heidlas_Fotograph-225x300.jpg\" alt=\"\" width=\"225\" height=\"300\" srcset=\"https:\/\/bulla-garlonta.de\/wp-content\/uploads\/2025\/09\/Luisa-Heidlas_Fotograph-225x300.jpg 225w, https:\/\/bulla-garlonta.de\/wp-content\/uploads\/2025\/09\/Luisa-Heidlas_Fotograph.jpg 601w\" sizes=\"auto, (max-width: 225px) 100vw, 225px\" \/><\/a><\/h1>\n<p>&nbsp;<\/p>\n","protected":false},"excerpt":{"rendered":"<p>So finden Sie mich Praxis f\u00fcr Psychotherapie Dipl.-Psych. Amalia Aurelia Bulla-Garlonta Hein-Heckroth-Str. 15 35390 Gie\u00dfen Kontakt: Tel.: 0641\/ 97 227 552 &nbsp; Das Team Frau Jutta Amend ist eine gro\u00dfe Unterst\u00fctzung im B\u00fcro. Sie \u00fcbernimmt organisatorische Aufgaben, sowie die Telefonsprechstunde immer mittwochs 14:30 bis 17:50 Uhr. Praxisgemeinschaft Meine Praxis in Gie\u00dfen ist Bestandteil einer Praxisgemeinschaft [&hellip;]<\/p>\n","protected":false},"author":1,"featured_media":0,"parent":0,"menu_order":7,"comment_status":"closed","ping_status":"closed","template":"","meta":{"footnotes":""},"class_list":["post-11","page","type-page","status-publish","hentry"],"_links":{"self":[{"href":"https:\/\/bulla-garlonta.de\/index.php?rest_route=\/wp\/v2\/pages\/11","targetHints":{"allow":["GET"]}}],"collection":[{"href":"https:\/\/bulla-garlonta.de\/index.php?rest_route=\/wp\/v2\/pages"}],"about":[{"href":"https:\/\/bulla-garlonta.de\/index.php?rest_route=\/wp\/v2\/types\/page"}],"author":[{"embeddable":true,"href":"https:\/\/bulla-garlonta.de\/index.php?rest_route=\/wp\/v2\/users\/1"}],"replies":[{"embeddable":true,"href":"https:\/\/bulla-garlonta.de\/index.php?rest_route=%2Fwp%2Fv2%2Fcomments&post=11"}],"version-history":[{"count":62,"href":"https:\/\/bulla-garlonta.de\/index.php?rest_route=\/wp\/v2\/pages\/11\/revisions"}],"predecessor-version":[{"id":1133,"href":"https:\/\/bulla-garlonta.de\/index.php?rest_route=\/wp\/v2\/pages\/11\/revisions\/1133"}],"wp:attachment":[{"href":"https:\/\/bulla-garlonta.de\/index.php?rest_route=%2Fwp%2Fv2%2Fmedia&parent=11"}],"curies":[{"name":"wp","href":"https:\/\/api.w.org\/{rel}","templated":true}]}}